e l(-5). Let k be ((-6)/(-9))/(4 - (-3414)/(-855)). List the prime factors of (1 - k)*n/3.
2, 47
Let b(j) = 1741*j**2 - 9*j - 8. Let p be b(-1). Suppose a = 2*y + 344, -2*a - y + p = 3*a. What are the prime factors of a?
2, 3, 29
Let r(x) = x**3 + 22*x**2 - 15*x + 33. Let h be r(-14). What are the prime factors of h/1 + (-77)/(-11)?
2, 3, 101
Let x(c) = -14 - 9 - 33*c**2 - 2*c - c**3 + 19*c**2. Let r be x(-14). Suppose -5*u - 72 = -n, n + r*u + 266 = 4*n. List the prime factors of n.
97
Let q = 4965 - -542. List the prime factors of q.
5507
List the prime factors of (-12716)/(-11 - -9) + 1 + -2.
3, 13, 163
Let h(i) = -i**3 - 18*i**2 - 11*i + 6. Let m be h(-17). Let k = m - -101. What are the prime factors of 553/5 + 2/k?
3, 37
Suppose -645*x + 3288192 = -517*x. What are the prime factors of x?
3, 8563
Let a(x) = 301*x**2 + 149*x - 5. What are the prime factors of a(2)?
3, 499
Suppose 4*i - 5*i = 2*q, -2*i + 3*q + 28 = 0. Suppose z = i*z + 238. Let a = 74 + z. List the prime factors of a.
2, 5
Suppose -9*k + 472 = -7*k. Suppose -f + 2*d = -239, f - 2*f + k = -3*d. Let w = f - -13. What are the prime factors of w?
2, 3, 43
Suppose 2*h + 1058 = 4*c, -3*c + h - 1319 = -8*c. Let r = -28 + c. List the prime factors of r.
2, 59
Let a(j) = j**2 + 11*j - 49. Let l(r) = -r**2 + r + 26. Let d be l(4). List the prime factors of a(d).
7, 43
Let k(b) be the third derivative of -b**6/180 + b**5/10 - 2*b**4/3 - 4*b**2. Let u(i) be the second derivative of k(i). What are the prime factors of u(-17)?
2, 5
Let f = 7844 + 46936. What are the prime factors of f?
2, 3, 5, 11, 83
Suppose -35*u + 14*u = 38*u - 1246670. What are the prime factors of u?
2, 5, 2113
Suppose b - 24 = 4*r, 5*r = -2*b - 7 - 10. Suppose b*n - 22*n = -1998. List the prime factors of n.
3, 37
Suppose 22*g = 39*g - 136. List the prime factors of ((-978)/g)/(18/(-96)).
2, 163
Let o(l) = 4*l**2 - 312*l + 4. Let t be o(-8). Suppose t = -65*x + 69*x. What are the prime factors of x?
13, 53
Suppose 11*j - 5*j - 36741 = 14103. What are the prime factors of j?
2, 19, 223
Let c(y) = 2*y + 19. Suppose 2*i - 64 = 5*u, -2*u - 2*u - 5*i = 71. Let x be c(u). List the prime factors of x/(-12)*22 - 4/(-8).
17
Suppose 10*i - 4*f = 15*i - 106, 4*i + 3*f - 84 = 0. Let a(s) = 27*s + 67. List the prime factors of a(i).
7, 79
Let s(r) = 3*r**2 - 11*r + 31. Let f(x) = 11*x - 29. Let u be f(4). What are the prime factors of s(u)?
541
Let f(t) be the second derivative of t**5/20 - 29*t**4/12 + 65*t**3/6 + 12*t**2 - 68*t. List the prime factors of f(28).
2, 5, 53
List the prime factors of (30/4 + -6)/(3/1662).
3, 277
Suppose 0 = -4*c - 5*k + 289646, 6*c + 5*k + 217217 = 9*c. List the prime factors of c.
19, 37, 103
Let q be ((-2)/4)/(933/(-934) + 1). Let r = q + 662. List the prime factors of r.
3, 5, 13
Let z be (-1 - -1)/(12/3 + -7). Suppose -t + 145 + 53 = z. What are the prime factors of t?
2, 3, 11
Let x(g) = -78*g - 53. Let b be 6 + 252/(-45) - (-114)/(-10). What are the prime factors of x(b)?
5, 7, 23
Let h be (-770)/40 + (-2)/(-8). Let d = h + -52. Let t = -31 - d. What are the prime factors of t?
2, 5
Suppose -5*n = -2*l + 28885, -1118*l - n - 28881 = -1120*l. List the prime factors of l.
2, 5, 19
Let u be 16976856/(-228) + (-8)/76. What are the prime factors of u/(-200) - (-3)/(-10)?
2, 3, 31
Let j(r) be the second derivative of -49*r**3 + 9*r**2/2 + 188*r. List the prime factors of j(-3).
3, 11
Suppose 22*x - 873459 = -39*x. List the prime factors of x.
3, 37, 43
Suppose -2*a + 4*n + 8032 = 0, -138*a + 142*a - 2*n - 16064 = 0. What are the prime factors of a?
2, 251
Let q be (67/3 - 1) + 11/(-33). Suppose -r + 8 = 2*a + q, -2*a - 3*r - 3 = 0. List the prime factors of (-775)/(-15) - ((-15)/a - 1).
3, 17
Let o(w) be the first derivative of w**3/3 + 9*w**2/2 + 11*w - 12. Let u = -6 - 7. List the prime factors of o(u).
3, 7
Suppose 10*m = 14*m + 44. Let o(w) = w**3 + 10*w**2 - 9*w + 26. Let f be o(m). What are the prime factors of 106/f*8/2?
2, 53
Suppose 2*j + u = 3*u + 196, -5*j = -2*u - 499. Suppose 2*o - 1865 + j = 0. List the prime factors of o.
2, 3, 7
Suppose s - 2373 = v, 10 = v - 3*v. Suppose -961 = -2*p + 5*o, -3*p + o = 2*p - s. What are the prime factors of p?
11, 43
Let l be 12/(-5) + 8/20. Let h be (-105)/(-20) + (l - 1)/12. Suppose h*p + t + t = 291, 0 = 2*p - 4*t - 102. What are the prime factors of p?
3, 19
Let k(i) = -3 - 10 + 6*i**2 - 7*i**2 - 8*i. Let d be k(-4). Suppose -477 = -2*p + 3*h, h - 785 = -d*p - 86. What are the prime factors of p?
2, 3, 13
Let k be (-2 + -3)/(3/(-3)). Suppose -2*v + 522 = -2*x, 4*v - k*v - 3*x + 257 = 0. List the prime factors of v.
2, 5, 13
Suppose 110*j = 834432 + 1181441 + 59167. List the prime factors of j.
2, 3, 131
Suppose -206*t + 200*t = -129228. What are the prime factors of t?
2, 11, 89
Suppose 0*g - 1114 = 2*g - 5*z, -5*z = -4*g - 2208. Let c = -131 - g. What are the prime factors of c?
2, 13
Let d = -1105 - -8119. What are the prime factors of d?
2, 3, 7, 167
Suppose -4*i = -8*j + 3*j - 4, -2*j + 3*i - 3 = 0. Suppose y = 2*p + 2, j + 6 = 5*p + 3*y. Suppose 0 = 7*d - p*d - 1330. What are the prime factors of d?
2, 5, 19
Let q = 63 - 106. Let o = 42 + q. List the prime factors of o/(-4) - (-662)/8.
83
Suppose 5*b - 5 = 2*i + 1, -2*b + 8 = 2*i. What are the prime factors of (0 - 316)/(b/(-1))?
2, 79
Let t be (-5 - -3) + 16/2. Let p be -2 + t - (-3 - (-480)/6). Let n = p - -102. What are the prime factors of n?
29
Let y = -31219 - -58080. What are the prime factors of y?
26861
Let o(p) = -9*p**3 + 4*p**2 - 2*p + 53. Let l(d) = 2*d**3 + d - 1. Let w(y) = 4*l(y) + o(y). List the prime factors of w(0).
7
Suppose 4922 = 2*d + 3*q, 94*q - 90*q = -8. List the prime factors of d.
2, 7, 11
Let q be 338/3 + 2 + (-4)/6. Suppose 8*a - 4*a - q = -y, 0 = -3*a + 6. Suppose 0*b = 3*n - b - 238, -y = -n - 5*b. List the prime factors of n.
3
Suppose -11*z = -6*z + 4045. Let s = -71 - z. Suppose -3*w = 3*w - s. List the prime factors of w.
3, 41
Let m(y) = 1193 + 11*y - 626 - 609. What are the prime factors of m(4)?
2
Let x be 267*6/12*4. Suppose -t + 5*l = -x, 2*l = -5*t - 3*l + 2670. What are the prime factors of t?
2, 3, 89
Let g(l) = l**2 - 9*l + 10. Suppose -2*i = -2*q - 26, 4*i - 3*q - 13 = 34. Let r be g(i). Suppose 0 = -r*j + 33 + 29. List the prime factors of j.
31
Let t = -254 + 283. Let f(p) = p**2 - p - 2. Let m be f(-2). Let h = m + t. List the prime factors of h.
3, 11
Let d be ((2 - 0) + 7/(-2))*-2. Let h be d - (19/1 + 2 + -4). List the prime factors of (-282)/h + -1 + (-9)/63.
19
Let w(c) be the third derivative of c**4/6 - 19*c**3/6 + 2*c**2 + 19. Suppose -2*a - f + 27 = 0, 2*a + 2*f = 5*a - 58. What are the prime factors of w(a)?
3, 5
Let g be (2/3)/2 + 71995/105. Let h = g + 211. Let k = h + -640. What are the prime factors of k?
257
Suppose 2*l = -3*g + 1406, -1152 = -2*g + 4*l - 236. Suppose -4*m - k + g = -1029, 0 = -5*m + 3*k + 1873. What are the prime factors of m?
2, 11, 17
Let o(m) = 72*m**2 + 34*m - 17. Let x be o(-15). Suppose 39*k - x = -424. What are the prime factors of k?
17, 23
Let b(k) = 1353*k**2 - 21*k + 16. What are the prime factors of b(-2)?
2, 5, 547
Let w be (12/(-3) - (-58)/4)*4. Let y be 140/w*(-372)/(-10). Let g = 288 - y. What are the prime factors of g?
2, 41
Let g(v) = -v**3 - 15*v**2 - 6*v - 63. Let y be g(-15). Suppose 2*u + u + 4305 = 5*w, w = 5*u + 861. Suppose -6*t + w = y. List the prime factors of t.
139
Suppose -5*a + 354 = 3*y - 8*a, 0 = 3*y + 2*a - 364. Suppose -c + 3*o = -y, 0 = 5*c - 4*o - 421 - 190. List the prime factors of c.
3, 41
Let o(d) = 65*d**2 - 253*d + 10. List the prime factors of o(-7).
2, 13, 191
Suppose 3*j - 2 = 2*j + 3*d, 3*j - 2*d = 6. Let y(k) = 27 + 0*k + 24*k**2 + 2*k + 29*k**j - 52*k**2. List the prime factors of y(0).
3
Let n(m) = 81*m**3 + 12*m**2 - 34*m + 107. What are the prime factors of n(8)?
3, 5, 11, 17
Let u be 156 - (-5 + 1)*6/8. Suppose -u = -4*a + 457. Suppose 4*j = a + 90. List the prime factors of j.
61
Suppose 30*u - 114 = 36. Suppose 3*s - 176 - 3710 = -f, -u*f - 6490 = -5*s. What are the prime factors of s?
2, 3
Suppose 95*g - 1160128 = 47322. List the prime factors of g.
2, 5, 31, 41
Let f be -116*(4/(-18) + 10/(-36)). Let j = f + -43. Let i(q) = 5*q - 29. List the prim